 is the tens digit of 178?
7
What is the tens digit of 12431?
3
What is the thousands digit of 27186?
7
What is the hundreds digit of 547?
5
What is the units digit of 18374?
4
What is the units digit of 1440?
0
What is the units digit of 132?
2
What is the tens digit of 46128?
2
What is the units digit of 3219?
9
What is the tens digit of 1846?
4
What is the units digit of 13213?
3
What is the ten thousands digit of 11623?
1
What is the units digit of 823?
3
What is the hundreds digit of 11580?
5
What is the hundreds digit of 355?
3
What is the thousands digit of 71717?
1
What is the tens digit of 311?
1
What is the units digit of 58049?
9
What is the thousands digit of 17183?
7
What is the ten thousands digit of 41361?
4
What is the thousands digit of 38187?
8
What is the tens digit of 122?
2
What is the thousands digit of 24481?
4
What is the tens digit of 31183?
8
What is the hundreds digit of 22889?
8
What is the thousands digit of 1421?
1
What is the thousands digit of 54325?
4
What is the tens digit of 1629?
2
What is the hundreds digit of 8458?
4
What is the hundreds digit of 2160?
1
What is the tens digit of 36?
3
What is the tens digit of 1289?
8
What is the ten thousands digit of 39151?
3
What is the tens digit of 6960?
6
What is the units digit of 2149?
9
What is the thousands digit of 36781?
6
What is the hundreds digit of 60757?
7
What is the thousands digit of 1133?
1
What is the tens digit of 12020?
2
What is the ten thousands digit of 43757?
4
What is the units digit of 1771?
1
What is the units digit of 2660?
0
What is the tens digit of 354?
5
What is the tens digit of 1024?
2
What is the ten thousands digit of 55041?
5
What is the units digit of 6442?
2
What is the units digit of 61330?
0
What is the units digit of 524?
4
What is the units digit of 5683?
3
What is the hundreds digit of 25934?
9
What is the units digit of 8262?
2
What is the units digit of 1621?
1
What is the units digit of 2941?
1
What is the units digit of 7883?
3
What is the hundreds digit of 1090?
0
What is the units digit of 15437?
7
What is the hundreds digit of 37927?
9
What is the units digit of 49434?
4
What is the units digit of 673?
3
What is the units digit of 3750?
0
What is the ten thousands digit of 23255?
2
What is the tens digit of 1640?
4
What is the hundreds digit of 845?
8
What is the units digit of 7021?
1
What is the hundreds digit of 5378?
3
What is the thousands digit of 2420?
2
What is the units digit of 9667?
7
What is the tens digit of 39188?
8
What is the units digit of 114977?
7
What is the tens digit of 1689?
8
What is the ten thousands digit of 60723?
6
What is the thousands digit of 1936?
1
What is the tens digit of 12083?
8
What is the units digit of 129632?
2
What is the hundreds digit of 6865?
8
What is the units digit of 17?
7
What is the hundreds digit of 949?
9
What is the units digit of 72173?
3
What is the units digit of 29817?
7
What is the thousands digit of 5206?
5
What is the units digit of 9253?
3
What is the tens digit of 962?
6
What is the thousands digit of 1405?
1
What is the tens digit of 70197?
9
What is the units digit of 73840?
0
What is the units digit of 30390?
0
What is the units digit of 12471?
1
What is the units digit of 2204?
4
What is the tens digit of 77000?
0
What is the thousands digit of 43498?
3
What is the units digit of 1018?
8
What is the units digit of 9451?
1
What is the ten thousands digit of 21192?
2
What is the units digit of 1188?
8
What is the units digit of 7820?
0
What is the hundreds digit of 29746?
7
What is the units digit of 2492?
2
What is the thousands digit of 5623?
5
What is the tens digit of 102?
0
What is the units digit of 411?
1
What is the tens digit of 1195?
9
What is the tens digit of 25100?
0
What is the thousands digit of 9040?
9
What is the thousands digit of 58646?
8
What is the tens digit of 110?
1
What is the thousands digit of 75653?
5
What is the ten thousands digit of 56457?
5
What is the thousands digit of 51548?
1
What is the tens digit of 330?
3
What is the hundreds digit of 39944?
9
What is the units digit of 98629?
9
What is the ten thousands digit of 18856?
1
What is the hundreds digit of 453?
4
What is the units digit of 3131?
1
What is the ten thousands digit of 22342?
2
What is the tens digit of 35394?
9
What is the units digit of 8548?
8
What is the hundreds digit of 812?
8
What is the hundreds digit of 69790?
7
What is the ten thousands digit of 10928?
1
What is the ten thousands digit of 57961?
5
What is the thousands digit of 23810?
3
What is the hundreds digit of 473?
4
What is the tens digit of 32634?
3
What is the hundreds digit of 22517?
5
What is the units digit of 16?
6
What is the thousands digit of 1884?
1
What is the tens digit of 1354?
5
What is the thousands digit of 1911?
1
What is the thousands digit of 2787?
2
What is the units digit of 264?
4
What is the hundreds digit of 155239?
2
What is the ten thousands digit of 96897?
9
What is the units digit of 5926?
6
What is the tens digit of 15280?
8
What is the tens digit of 921?
2
What is the tens digit of 11787?
8
What is the tens digit of 103908?
0
What is the units digit of 78?
8
What is the thousands digit of 1259?
1
What is the tens digit of 851?
5
What is the hundreds digit of 103014?
0
What is the hundreds digit of 892?
8
What is the units digit of 48998?
8
What is the units digit of 10434?
4
What is the units digit of 808?
8
What is the units digit of 39839?
9
What is the thousands digit of 15287?
5
What is the thousands digit of 43756?
3
What is the hundreds digit of 307?
3
What is the hundreds digit of 33594?
5
What is the units digit of 20879?
9
What is the hundreds digit of 6587?
5
What is the hundreds digit of 3281?
2
What is the ten thousands digit of 55115?
5
What is the thousands digit of 9256?
9
What is the thousands digit of 3974?
3
What is the thousands digit of 3184?
3
What is the hundreds digit of 22019?
0
What is the ten thousands digit of 39402?
3
What is the units digit of 321?
1
What is the tens digit of 2562?
6
What is the units digit of 1085?
5
What is the units digit of 9920?
0
What is the tens digit of 936?
3
What is the thousands digit of 43630?
3
What is the hundreds digit of 21317?
3
What is the units digit of 541?
1
What is the units digit of 681?
1
What is the hundreds digit of 257?
2
What is the tens digit of 96813?
1
What is the units digit of 8075?
5
What is the tens digit of 756?
5
What is the hundreds digit of 86417?
4
What is the thousands digit of 10223?
0
What is the tens digit of 19327?
2
What is the units digit of 1109?
9
What is the hundreds digit of 1557?
5
What is the units digit of 1659?
9
What is the ten thousands digit of 18692?
1
What is the hundreds digit of 1242?
2
What is the thousands digit of 18483?
8
What is the thousands digit of 1179?
1
What is the tens digit of 12564?
6
What is the tens digit of 2777?
7
What is the thousands digit of 1376?
1
What is the hundreds digit of 1091?
0
What is the hundreds digit of 164776?
7
What is the tens digit of 1650?
5
What is the tens digit of 1814?
1
What is the units digit of 19875?
5
What is the hundreds digit of 100830?
8
What is the thousands digit of 43855?
3
What is the ten thousands digit of 98701?
9
What is the tens digit of 16323?
2
What is the tens digit of 91060?
6
What is the tens digit of 16873?
7
What is the units digit of 172?
2
What is the thousands digit of 50681?
0
What is the tens digit of 5174?
7
What is the tens digit of 124302?
0
What is the tens digit of 25214?
1
What is the units digit of 20190?
0
What is the tens digit of 2199?
9
What is the ten thousands digit of 163726?
6
What is the hundreds digit of 4304?
3
What is the units digit of 8508?
8
What is the units digit of 1208?
8
What is the thousands digit of 3866?
3
What is the ten thousands digit of 25043?
2
What is the units digit of 11351?
1
What is the hundred thousands digit of 155919?
1
What is the units digit of 900?
0
What is the thousands digit of 15307?
5
What is the units digit of 989?
9
What is the units digit of 32258?
8
What is the hundred thousands digit of 142432?
1
What is the thousands digit of 25303?
5
What is the tens digit of 575?
7
What is the tens digit of 810?
1
What is the thousands digi